
Let w(s) = -s**3 - 3*s**2 + 2*s + 2. Let x be w(-3). Let l be ((-21)/(-6) - -1)*(x + 6). What is the highest common divisor of 72 and l?
9
Suppose 3*p + 15 - 66 = 0. Let h = 19 - p. Calculate the greatest common factor of 2 and h.
2
Let s(z) be the first derivative of -z**4/4 + z**3 + 7*z**2/2 + 4. Let p be s(4). Calculate the highest common divisor of p and 48.
12
Let p(a) = -13*a + 9. Let f(l) = 20*l - 13. Let n(u) = -5*f(u) - 8*p(u). Let w be n(10). Let t = w - 1. What is the greatest common factor of 8 and t?
8
Let f(s) = -3*s**3 + 2*s**2 - 2*s - 1. Suppose -8*x - 24 = -0*x. Let g be f(x). Calculate the greatest common factor of 13 and g.
13
Suppose 53*y + 78 = 56*y. Let o be 84/20 - (-1)/(-5). Let g = y - o. Calculate the greatest common factor of 176 and g.
22
Suppose -4*o + 128 = -6*p + 7*p, 0 = -2*p - 8. Let x = 32 + -10. Calculate the highest common divisor of o and x.
11
Let q = 19 + 40. Let r = -35 + q. Calculate the highest common factor of 24 and r.
24
Let r(z) = -26*z**3 - 1. Let w be r(-1). Let g = w - 21. Let o be 25/(-2)*(-8)/10. Calculate the greatest common factor of o and g.
2
Let g(b) = 5*b + 20. Let t(o) = o + 1. Let q(u) = -g(u) + 2*t(u). Let y be q(-10). What is the highest common divisor of 12 and y?
12
Let h be 4/10 + -5*266/(-175). Suppose -58 = -6*r + r + 2*l, -r + 2*l + 10 = 0. Let o be 0 - r*1*-6. What is the highest common divisor of h and o?
8
Let i be ((-84)/(-70))/(5/25). Calculate the highest common divisor of i and 138.
6
Let p = -51 - -52. Let y(g) = g - 2. Let m be y(5). Suppose -5*f + 4*f = -4*n + 39, -m*n - 3*f + 18 = 0. Calculate the highest common divisor of p and n.
1
Let g = -999 - -1159. What is the greatest common factor of g and 288?
32
Let b be (-19)/114 + 0 + (-121)/(-6). What is the greatest common divisor of 340 and b?
20
Suppose -7 = -m + 2*h, -5*m - 21 = -3*m + 3*h. Let i(z) = z**3 + 2*z**2 - 2*z + 5. Let s be i(m). Calculate the highest common divisor of 18 and s.
2
Let a be 4/1 - (3 + -1). Suppose 0 = -4*h + l + 122, -26 = h - a*h - 2*l. Suppose -4*w - 79 = -319. What is the greatest common divisor of h and w?
30
Suppose j = -7*s + 12875, -3*s + 7*s = j + 7365. Calculate the greatest common divisor of 160 and s.
80
Let v(p) = -4*p - 4*p + 8 + 11*p. Let x be v(4). What is the highest common divisor of x and 40?
20
Let o be (9 + 3)/(6/44). Suppose -10 = -6*s + 2. Suppose -p + 2*u - 7*u = -11, -s*p = u - 22. Calculate the greatest common divisor of p and o.
11
Let q = -68 + 105. Calculate the greatest common factor of 37 and q.
37
Suppose 4*v + 2*f = 370, -2*f - 86 - 280 = -4*v. Suppose 0 = 4*m + t - v - 104, 2*m - t = 104. What is the highest common divisor of m and 10?
10
Suppose 0 = -7*r + 966 + 1337. What is the highest common factor of 7 and r?
7
Let f = 39 + -33. Let m = 5 - 12. Let s = -4 - m. What is the highest common divisor of s and f?
3
Suppose 14 = -8*b + 118. Calculate the greatest common divisor of b and 338.
13
Suppose -6*x + 256 = -14. What is the greatest common divisor of x and 360?
45
Suppose -3*c = -5*c + 56. Calculate the highest common divisor of 238 and c.
14
Let l = -269 - -423. Calculate the highest common divisor of 14 and l.
14
Let h be (108/(-15))/(1/(-5)). What is the greatest common factor of h and 1179?
9
Suppose 9*z - 7*z = 5*c + 44, 0 = 3*z - 2*c - 77. Calculate the highest common factor of z and 18.
9
Let v(n) = n**3 + 8*n**2 + 13*n + 3. Suppose -12*g - 6 - 42 = 0. Let s be v(g). What is the highest common factor of s and 15?
15
Let o be (-1)/(129/33 + -4). Let c = -4 - -15. What is the highest common divisor of o and c?
11
Suppose 7*k + 2*k - 3888 = 0. What is the highest common divisor of 54 and k?
54
Let h = 4952 + -4913. Suppose 0 = 4*c + 5*u - 57, -2*c - 3*c = 5*u - 70. Calculate the highest common divisor of h and c.
13
Suppose n - 11 = 3*w, 4*n - 3*w + 0*w - 35 = 0. Let z be (-205)/(-3) - n/24. What is the greatest common factor of z and 170?
34
Let z = -359 + 403. What is the highest common factor of 33 and z?
11
Let u(l) = l**3 - 4*l**2 + 4*l - 6. Let d be u(4). Suppose -150 = -m - 110. What is the greatest common divisor of d and m?
10
Let a(u) = -u. Let m(l) = -23*l. Let x(q) = 3*a(q) - m(q). Let b be x(1). Calculate the greatest common divisor of b and 8.
4
Let l be (-174 - 1)/((-49)/147). Calculate the greatest common factor of 150 and l.
75
Let m(q) = 5*q**2 - q + 2. Let l be m(-2). Let a be 30*(l/(-15))/(-1). Suppose 10*t = 12*t - 24. Calculate the greatest common factor of t and a.
12
Suppose -5*g + 1 = -19. Suppose -5*x + 1455 = g*u + 300, u - 231 = -x. What is the greatest common divisor of 21 and x?
21
Let o(t) = -68*t - 4 + 4 - 6 - 2. Let m be o(-4). What is the greatest common divisor of 24 and m?
24
Suppose h + 595 = 6*h. Let n(k) = -k**3 + 14*k**2 - 15*k + 16. Let g be n(13). Let i be ((-2)/(-1))/(g/(-85)). Calculate the highest common divisor of i and h.
17
Let b = 339 + -192. Let p = 449 - 428. Calculate the greatest common divisor of p and b.
21
Suppose -9 - 9 = 2*l. Let j = 34 + l. Let z = 10 - 0. What is the highest common divisor of j and z?
5
Suppose -8*r = -10*r + 52. Suppose -4*o + o = -2*d + r, -4*o - 8 = -d. Calculate the greatest common factor of d and 128.
16
Let i(q) = -10*q + 65. Let y be i(-18). What is the greatest common divisor of y and 175?
35
Suppose 52*q = 310 - 590 + 3400. Let y be -90*-2*10/12. Calculate the greatest common divisor of q and y.
30
Let u = -1519 + 1530. Suppose 391 = 5*z + 6. What is the greatest common factor of u and z?
11
Let w = 1489 + -1476. What is the greatest common divisor of w and 156?
13
Suppose -4*z + 14*v = 10*v - 1604, 2*z - v = 797. What is the highest common factor of 12 and z?
12
Let y = 22 + -142. Let c be 259/5 - 24/y. What is the greatest common factor of c and 13?
13
Suppose 0 = -x - 0*x. Suppose x = -0*h + 3*h. Suppose -3*y + h*y = -330. Calculate the greatest common divisor of y and 10.
10
Let i(m) = 3*m + 198. Let v be i(-39). What is the greatest common factor of 216 and v?
27
Let l(j) = -45*j - 246. Let o be l(-6). Calculate the greatest common divisor of o and 64.
8
Let d = 110 + 3. Suppose -29 = 14*g - d. What is the greatest common factor of g and 66?
6
Let i be (-6 + 1)*1281/(-35). What is the greatest common factor of i and 61?
61
Let l = -199 - -204. Let c(z) = -8*z**2 + 5*z + 5 + 4 - z**3 + 0. Let q be c(-9). Calculate the highest common factor of q and l.
5
Let d = -828 - -1437. What is the greatest common factor of d and 21?
21
Let x = 6 - 9. Let b(k) = -3*k - 6. Let g be b(x). Let i = g + 16. Calculate the greatest common divisor of 38 and i.
19
Suppose 0*i - 4*z = -4*i + 52, 0 = -5*i + z + 57. Calculate the greatest common factor of 176 and i.
11
Let v = -88 - -268. What is the greatest common factor of v and 40?
20
Let v = 225 - -72. What is the greatest common divisor of v and 54?
27
Let g(c) = -c**3 - 18*c**2 + 41*c + 30. Let u be g(-20). What is the highest common factor of 45 and u?
5
Suppose 3*s = -5*k + 2*k + 156, s - 52 = 4*k. Calculate the highest common divisor of s and 13.
13
Let y = 7 + -14. Let l = y - -17. Let h = l + 4. Calculate the greatest common divisor of h and 14.
14
Let x(r) = 89*r**3 + 2*r**2 - 3*r + 2. Let m be x(1). Suppose 6 = p - 4*w - 84, -p + m = -w. What is the greatest common divisor of 30 and p?
30
Suppose 3*c = -3 + 12. Suppose 6*k - c*k = 24. What is the highest common factor of 32 and k?
8
Let s(g) = 25*g - 23. Let c be s(1). What is the greatest common divisor of 128 and c?
2
Let h(f) = -f**3 + 22*f**2 + 41*f + 6. Let g be h(23). Calculate the highest common divisor of 105 and g.
105
Let f = -695 + 962. Calculate the highest common divisor of f and 178.
89
Suppose l + 5*o - 57 = 33, l = -4*o + 91. Calculate the greatest common divisor of l and 285.
95
Let c(o) = o**2 - 2*o - 3. Let y be c(4). Let h(t) = -3 - t**2 - y - t**2 + 14*t + t**2. Let b be h(8). Calculate the highest common factor of 10 and b.
10
Let c(j) = j**3 + 3*j**2 + j + 4. Let m be c(-3). Let n = 2 - m. Suppose 3*w = 13 - n. Calculate the highest common factor of 1 and w.
1
Suppose -6*k + 500 = 104. Calculate the greatest common factor of k and 231.
33
Suppose 19*f - 14*f - 2106 = 4*b, 2*b = -4*f + 1664. Calculate the greatest common divisor of 38 and f.
